{"id":1334,"date":"2022-01-17T16:33:04","date_gmt":"2022-01-17T15:33:04","guid":{"rendered":"https:\/\/leandro.l3-digital.fr\/?page_id=1334"},"modified":"2022-01-17T16:33:07","modified_gmt":"2022-01-17T15:33:07","slug":"la-legalite-des-delits-et-des-peines-droit-penal","status":"publish","type":"page","link":"https:\/\/leandro.l3-digital.fr\/index.php\/la-legalite-des-delits-et-des-peines-droit-penal\/","title":{"rendered":"La L\u00e9galit\u00e9 des D\u00e9lits et des Peines &#8211; Droit P\u00e9nal"},"content":{"rendered":" <a href=\"https:\/\/leandro.l3-digital.fr\/index.php\/la-legalite-des-delits-et-des-peines-droit-penal\/\" class=\"more-link\">(suite\u2026)<\/a>","protected":false},"excerpt":{"rendered":"<p>(suite\u2026)<\/p>\n","protected":false},"author":1,"featured_media":0,"parent":0,"menu_order":0,"comment_status":"closed","ping_status":"closed","template":"","meta":{"_et_pb_use_builder":"","_et_pb_old_content":"","_et_gb_content_width":""},"_links":{"self":[{"href":"https:\/\/leandro.l3-digital.fr\/index.php\/wp-json\/wp\/v2\/pages\/1334"}],"collection":[{"href":"https:\/\/leandro.l3-digital.fr\/index.php\/wp-json\/wp\/v2\/pages"}],"about":[{"href":"https:\/\/leandro.l3-digital.fr\/index.php\/wp-json\/wp\/v2\/types\/page"}],"author":[{"embeddable":true,"href":"https:\/\/leandro.l3-digital.fr\/index.php\/wp-json\/wp\/v2\/users\/1"}],"replies":[{"embeddable":true,"href":"https:\/\/leandro.l3-digital.fr\/index.php\/wp-json\/wp\/v2\/comments?post=1334"}],"version-history":[{"count":1,"href":"https:\/\/leandro.l3-digital.fr\/index.php\/wp-json\/wp\/v2\/pages\/1334\/revisions"}],"predecessor-version":[{"id":1335,"href":"https:\/\/leandro.l3-digital.fr\/index.php\/wp-json\/wp\/v2\/pages\/1334\/revisions\/1335"}],"wp:attachment":[{"href":"https:\/\/leandro.l3-digital.fr\/index.php\/wp-json\/wp\/v2\/media?parent=1334"}],"curies":[{"name":"wp","href":"https:\/\/api.w.org\/{rel}","templated":true}]}}